te n(d).
-5
Let a(b) be the third derivative of -b**4/8 - 5*b**3/2 + 142*b**2. Calculate a(-14).
27
Let t(j) = -4*j**3 + 4*j**2 + 8*j + 6. Let c(p) = -5*p**3 + 6*p**2 + 9*p + 7. Let m(k) = -5*c(k) + 6*t(k). Give m(4).
-19
Let g(s) = s**3 + 9*s**2 - s + 7. Let d = -662 + 653. Calculate g(d).
16
Let r(a) = -8*a**2 - 11*a + 5. Let g(q) = 11*q**2 + 12*q - 5. Let k(f) = 3*g(f) + 4*r(f). Calculate k(7).
-2
Let w(s) = -s - 3. Suppose -56*q + 51*q + 30 = 0. What is w(q)?
-9
Let t = 50 + -52. Let p(r) = -7*r**2 + 2. Give p(t).
-26
Let v(i) be the second derivative of -i**4/12 - i**3/3 + 5*i**2/2 + 19*i + 9. Let w = 5 - 10. Determine v(w).
-10
Suppose -z + 12 = 2*f - 2*z, 4*f = -5*z + 10. Let y(j) = -j**3 + 5*j**2 - 4*j + 13. Determine y(f).
-7
Suppose -321 = -5*b - 386. Let v(i) = i**2 + 16*i + 43. Give v(b).
4
Let i(n) be the second derivative of n**5/10 + n**4/2 + n**3/6 + 2*n**2 + 288*n. Give i(-4).
-32
Let v be (-15)/20*(3 + (-34)/6). Suppose 3*y = 2*s + 27, -y = 2*s + v*s + 5. Let x(t) = t - 8. What is x(y)?
-1
Let c(s) = -4*s + 15. Let n(y) = y - 4. Let o(q) = -6*c(q) - 22*n(q). Give o(3).
4
Suppose 2*l - 4*p + 2 = 0, 3*l - 3*p = 2*l - 4. Let w = 0 + l. Let o(u) = -2 - 2*u + 3*u + w. What is o(3)?
6
Let c(f) = f**3 + f**2 - 6. Suppose -277 = -12*o + 155. Suppose 0 = 38*i - o*i. What is c(i)?
-6
Let z(v) = -v**2 + 4*v. Let y = -617 - -621. Give z(y).
0
Let o(v) = -18*v. Let x be (11 - 8)*(-5)/(-15). Calculate o(x).
-18
Let y be (-2)/10*-1 + (-1533)/(-35). Suppose 3*g - y = -68. Let m(o) = -o - 14. What is m(g)?
-6
Let p(s) = -s - 2. Suppose -21 = -0*z - 3*z. Let v = z + -19. Let o be 0 + 7/(21/v). Determine p(o).
2
Suppose -6 = -5*l + 3*z, -10 - 11 = -2*l - 5*z. Let t(d) = -3*d - 2 + l*d**2 + 4*d + 6 - 2 + d**3. Give t(-3).
-1
Let u(i) = i - 11. Let s(v) = -v**2 + 6*v + 2. Let x be s(5). Suppose x*p - 32 = 3*p. Let l be u(p). Let k(m) = -m - 6. Give k(l).
-3
Let w = 29 + -19. Let f(b) = -b - 1 - 6*b**2 + w*b + 6*b**2 - b**2. Calculate f(4).
19
Suppose -24*b + 26*b = -4. Let f(i) = i**3 - 3*i**2 - 3*i - 2. Calculate f(b).
-16
Let g(u) = 25*u + 27*u - 8 - 53*u. Calculate g(11).
-19
Let r(g) = 16*g - 4 - 9*g + 1 - 6*g - 2*g. Let p(n) = 2*n - 5. Let q be p(5). Give r(q).
-8
Let r(a) be the second derivative of -a**5/20 - a**4/12 - a**3/6 - a**2/2 + 32*a - 3. Determine r(-1).
0
Suppose 1 + 5 = 3*n. Let w(a) be the second derivative of 3*a + 0 - 1/3*a**3 + 3/2*a**2. Give w(n).
-1
Let q(r) = 4787*r**2 + 6*r - 4786*r**2 - 2 - 2*r - 5*r. Let n = -2 - -4. Give q(n).
0
Let b(r) be the second derivative of -r**5/10 - r**2/2 + 9*r. Suppose -2 = o - 1. Let v be b(o). Let j(q) = -2*q**3 - 2*q + 1. Give j(v).
-3
Let g = 9 - -1. Suppose 0 = -6*c + c + g. Suppose 2*j = -c*x + 8, -2*x - 20 = -2*j - 3*j. Let d(r) = -r**3 + 4*r**2 + 3*r - 6. Calculate d(j).
6
Suppose -4*s = -s. Suppose 0 = -4*i - s*i + 12. Let h(z) = -i*z**3 + 7*z**3 + 1 + 2*z**3 + 7*z - 9*z. What is h(1)?
5
Let a(v) = -2*v + 2. Let m(d) be the third derivative of 13*d**6/120 + d**4/12 + d**3/6 + 11*d**2. Let z be m(-1). Let f = z - -20. What is a(f)?
-10
Let o(n) = -n**3 + 14*n**2 + 13. Let v be o(14). Let s(m) = -11 - 9 + 29 - m - v. Give s(-6).
2
Suppose 20 + 2 = -2*x. Let y be (-2)/11 + (-57)/x. Let w(z) be the first derivative of -z**3/3 + 5*z**2/2 + 2*z - 2. Calculate w(y).
2
Let o(r) = r**3 - r**2. Let w(b) be the third derivative of b**6/120 - b**5/6 - b**4/4 + 7*b**3/6 + 12*b**2. Let v(f) = 2*o(f) - w(f). Calculate v(-7).
0
Let n(d) = d**2 - d - 1. Let f(x) = -x**2 - x + 10. Let k be f(2). Determine n(k).
11
Let s(c) = 2*c + 1. Let k(w) = w**3 - 13*w**2 - w + 16. Let i be k(13). Suppose 0 = 2*q, t + 4 = 3*t + i*q. Determine s(t).
5
Suppose 0 = -5*w + 5*b + 35, 2*w - 3*b - 39 = -22. Let f(v) = v**3 - 4*v**2 + 1. What is f(w)?
1
Let z(t) = 2*t - 1. Let d(c) = 3*c**2 + 2*c + 2. Let o be d(-1). Suppose -5*h = 8 - o, 5*h = -2*k - 7. What is z(k)?
-3
Let w(o) = 82*o + 5 - 129*o + 48*o. What is w(-3)?
2
Suppose 0 = 5*v - 4*v + 2*g, -3*g = -2*v + 7. Let r(c) = -6 + 2 - c - c**v - 5*c. What is r(-3)?
5
Let x(z) = 11*z + 32. Suppose 0 = -2*l - 2 + 6. Suppose -l*c + 7 - 19 = 0. Let r(h) = 4*h + 11. Let q(o) = c*x(o) + 17*r(o). Calculate q(6).
7
Let f(x) be the third derivative of -9*x**2 + 1/60*x**5 + 0*x + 0 - 7/24*x**4 - 4/3*x**3. What is f(7)?
-8
Let m(j) = j**2 + 13*j - 28. Let y be m(-15). Suppose -3*w - y*w - 4*s - 36 = 0, -5*s - 24 = w. Let u(h) = -h**2 + 5. Give u(w).
-11
Let i(m) = 50*m - 520. Let h be i(10). Let y(x) = x**2 + 21*x + 6. Calculate y(h).
-14
Let m(z) = 19*z - 18*z - 5*z - 1. Determine m(6).
-25
Let h = 54 + -51. Let w(t) = 4*t**3 - 4*t**2 - 7 + 1 - 2*t**h - 3*t - t**3. Calculate w(5).
4
Let d(v) = -v**3 + 2*v**2 + 7 + 7*v - 8*v - 2*v**2. Let y = 48 + -48. Determine d(y).
7
Let h(g) = 57 - 31 + g**2 - 30. What is h(-3)?
5
Let h(k) be the second derivative of 0 + 7*k + 0*k**2 + 1/6*k**3 + 19/20*k**5 - 1/6*k**4. Determine h(1).
18
Suppose 55*y - 89 = -364. Let n(v) = 2*v + 11. What is n(y)?
1
Let o(u) = 4*u + 3. Let d(b) = -b - 1. Let v(l) = 7*d(l) + 2*o(l). Determine v(-5).
-6
Suppose 18 = 6*k - 3*k. Suppose 62 = k*q + 14. Let w(m) = -m**3 + 8*m**2 - m + 11. Calculate w(q).
3
Let q(a) = 3*a**2 - 3*a - 4. Suppose 2*g = -8, 4 = c + c + 2*g. Let s be c/(-14) + 186/42. Suppose -s*p + 14 = 2. Calculate q(p).
14
Let b(o) = 13*o - 2. Let g(k) = -k**2 - 45*k - 493. Let h be g(-26). Calculate b(h).
11
Let j(f) be the third derivative of -7/6*f**3 - 1/24*f**4 + 0*f - f**2 + 0. Suppose -g - 3*l - 18 = 2*g, g - l = -6. Determine j(g).
-1
Suppose 7*w = 4*w + 21. Let i = -9 - -11. Let p(o) = -o**3 - 1 + 5*o - 7*o + o + w - o**i. What is p(0)?
6
Let b(w) = -2*w + 2. Let s = -65 + 75. Let j be s*((-24)/(-10) - 2) - -1. Calculate b(j).
-8
Let f(t) = -2*t + 2 - 6*t**2 + 4*t - 1. Suppose 4*s + 18 = -2*a, 0 = -2*a - 0 - 6. Let r = s - -2. Calculate f(r).
-7
Let x be (-9)/6*(-16)/12. Let s(b) = -x + 2 + 0 + 1 - 3*b. Calculate s(3).
-8
Let i(l) = -l**2 + 21*l + 262. Let o be i(-9). Let v(t) be the second derivative of -t**5/20 - 3*t**4/4 - 3*t**3/2 - t**2 + 2*t. Give v(o).
6
Let n(g) = g + 4. Let h(k) = k**3 - 3*k**2 + k + 2. Let z be h(2). Suppose z = 6*s - 0*s. Calculate n(s).
4
Let k(i) = -i + 1. Suppose -20*y + 40 = -12*y. Suppose -13 = -3*g - 5*a, -2*g - 3 = -y*a + 5. Determine k(g).
0
Suppose 2*d = -3*w + d + 80, 5*w = 3*d + 124. Let l = w - 26. Suppose 4*z - 3*j = 1, -2 = -5*z - l*z + 3*j. Let t(x) = 5*x**2 - x. Give t(z).
4
Let i(p) = 3*p + 8. Let q = 57 + -61. Let l(w) = -2*w - 8. Let d(t) = q*l(t) - 3*i(t). Let f = -2 + 8. Determine d(f).
2
Let b(q) be the third derivative of q**5/60 - 7*q**4/8 + 11*q**3/2 + 47*q**2 - 5*q. Calculate b(19).
-5
Let l(i) = i**2 - i + 1. Let d(r) be the second derivative of -7*r**4/12 + 11*r**3/6 + 11*r. Let k(w) = -d(w) - 6*l(w). What is k(5)?
-6
Let f(a) = -17*a + 38*a - a - 1 - 19*a. Let d = -5 + -2. Determine f(d).
-8
Let i be -5 - (36/(-84) + (-240)/28). Let o(x) = -x**3 + 4*x**2 + 5*x + 2. Calculate o(i).
22
Let d(o) be the first derivative of 3*o**2/2 - 6. Let n be (8 - -2)*(-2)/(-5). Calculate d(n).
12
Let x = -1 + 3. Suppose f - 23 = 2*i, x*i - 3*f + 44 - 11 = 0. Let r be -15*(-2 + (-15)/i). Let h(t) = -t**2 + 4*t + 2. Give h(r).
-3
Let b = 17 + -14. Suppose 5*t - 3*q = 2*t, b*t - 4*q = -3. Let o(v) = -9*v. Determine o(t).
-27
Let y(q) = 2 + q + 1 - 12 - 3 - 7. Give y(9).
-10
Let r(b) be the second derivative of b**3/2 - 7*b**2/2 - 2*b. Let u(h) = h**3 + 0*h**3 - 18*h**2 - 4*h + 22*h**2 + 10. Let z be u(-5). Determine r(z).
8
Let r(u) = -u**2 - u. Let x(y) = -4*y**2 - 11*y + 2. Let p(w) = 5*r(w) - x(w). What is p(8)?
-18
Let s(r) = -3*r + 74 + 66 + 2*r - 135. Let f be 2/6 - 2/6. Determine s(f).
5
Let r(c) be the first derivative of c**4/4 - 14*c**3/3 + 15*c**2/2 + 5*c + 189. What is r(13)?
31
Let h(y) = 6*y - 10. Let p be h(3). Let a(x) = 7*x - 17 + 3 + 3*x**3 - 2*x**3 - 6*x**2 + p. What is a(4)?
-10
Suppose 9*j + 157 = 112. Let y(v) = v + 6. Calculate y(j).
1
Let v(j) = -j**2 + 14*j - 34. Let o(x) = x**2 + 18*x + 43. Let z be o(-16). Let q be v(z). Let a(b) = 15*b - 1. Determine a(q).
-16
Let h(l) = 4*l - 36. Let u be h(9). Let v(r) be the third derivative of u - 5*r**2 + 0*r + 5/24*r**4 - 1/6*r**3 + 1/60*r**5. Calculate v(-6).
5
Let y(z) = -4*z - 1